ommon divisor of v and u.
15
Suppose -918 = 686*h - 692*h. Suppose 3*q = 2*p + 153, q = 5*p + 25 + 26. What is the greatest common divisor of h and q?
51
Let d = -10 - -12. Suppose 3*b + 4*u + 4 = 7*b, 0 = -4*b + d*u + 10. Let o be (-1 + -1)/(b/(-22)). Calculate the highest common divisor of o and 77.
11
Suppose 5*p - 258 = -4*h, -2*h + p - 188 = -5*h. Let y = h + -47. What is the greatest common factor of y and 9?
3
Let p = -39 + -47. Let x be (-1)/(p/84 - -1). Suppose -2*q + 4*n = -28, 31*q - 12 = 27*q - 3*n. What is the highest common divisor of q and x?
6
Suppose -2*p + 5*z = 42, 5*p + 3*z + z + 39 = 0. Let m(b) = -2*b - 8 + b - 1. Let i be m(p). What is the greatest common divisor of i and 14?
2
Suppose -u - 5*a + 14 = -23, -121 = -3*u - 5*a. What is the highest common divisor of u and 15?
3
Let f(s) = s**2 - 2*s - 41. Let h be f(10). Let z be 3*h - (-14 - -19). Calculate the greatest common divisor of z and 16.
16
Let k(n) = n**2 + 5*n - 66. Let x be k(18). Calculate the greatest common factor of 12 and x.
12
Let x = 1840 - 150. What is the highest common divisor of x and 52?
26
Let i = -1066 + 1355. What is the greatest common divisor of 17 and i?
17
Suppose -63*f + 65*f - 724 = 4*v, 4*f - 5*v - 1460 = 0. Calculate the highest common divisor of 20 and f.
10
Suppose 6 = 5*h + 5*s - 59, -5*s - 47 = -2*h. Let a be (-1)/(-2*4/h). Suppose -147 = a*x - 525. What is the greatest common divisor of x and 21?
21
Suppose 3*d + g = 26, -g = -3*g - 2. Suppose -49*w = -50*w + d. What is the highest common divisor of 63 and w?
9
Let r = 17 - 7. Suppose -5*j + r = 0, -4*m + 8 = 2*j - 4*j. Let d be (-2)/3*(-1 + -8). Calculate the highest common divisor of m and d.
3
Suppose -4*b + 3*b + 45 = 0. Let f(z) = 2*z + 4. Let s(i) = 1. Let h(g) = -f(g) + 5*s(g). Let v be h(-4). Calculate the highest common divisor of v and b.
9
Suppose 7*w + 2860 = 29*w. What is the greatest common divisor of 26 and w?
26
Let k(y) = 6*y + 6. Let d be k(5). Suppose 5*j = -13*j + 72. What is the highest common divisor of d and j?
4
Suppose 3*m - 7 = 8. Suppose 0*s = 4*s - 20. Calculate the highest common divisor of s and m.
5
Let q be (-8 - -6)/((-4)/24). Calculate the greatest common divisor of q and 16.
4
Suppose 0 = -3*d - 0*d - 4*p + 31, 4*d + p = 37. Let r(v) = -v**2 + 9*v + 23. Let g be r(d). What is the highest common divisor of 115 and g?
23
Let b be 7*(90/(-35))/(-6). Suppose -b*x + 456 = 2*u, x = 4*u + 86 + 52. Calculate the highest common divisor of 30 and x.
30
Let q be (-222)/(-9) - (2 + 16/(-12)). Calculate the greatest common divisor of 15 and q.
3
Let i = 52 + 11. Calculate the highest common divisor of i and 819.
63
Suppose 0 = 2*d - 78 + 24. Suppose y + p = d, 7*p - 2*p = -4*y + 105. What is the greatest common factor of y and 75?
15
Suppose 94 = 7*k + 10. Suppose -2*c = 2*v - 176, 4*c - 5*v - 334 = -0*c. Suppose 2*h = 58 + c. Calculate the greatest common factor of h and k.
12
Suppose 0 = 2*j - 0*j + 240. Let h = 170 + j. Let a be 351/36 - (-4)/16. Calculate the greatest common divisor of h and a.
10
Let s(t) = 4*t - 13. Let l(m) = m + 22. Let u be l(-15). Let r be s(u). What is the highest common divisor of 10 and r?
5
Let h(m) be the second derivative of 0 - 7*m**2 - 7/12*m**4 + 1/20*m**5 - 3*m - 2/3*m**3. Let x be h(8). What is the highest common divisor of 45 and x?
9
Let v(u) = u**3 + 6*u**2 - 4*u - 9. Let x be v(-6). Let t be 0 - (-115 - (3 - 7)). Suppose y = -6 + t. What is the greatest common factor of x and y?
15
Suppose 163 = 3*u - 113. Let p(l) = l**3 + 5*l**2 - 7*l - 4. Let t be p(-5). Suppose t = q + 8. What is the greatest common factor of q and u?
23
Suppose -3*m + 620 = p, -5*m + 290 = 2*p - 743. What is the highest common divisor of m and 9?
9
Let s = 126 - 124. Let v be (s/(-8))/((-908)/(-304) + -3). Calculate the highest common divisor of 171 and v.
19
Suppose -72 = 3*q - 87. Suppose 45 = 3*y + 3*u, 2*y - 4 = -q*u + 20. What is the greatest common factor of 102 and y?
17
Suppose 0 = -3*z + 4*w - 2, 0 = -3*z + w - 5*w + 14. Let o be z - 5/((-5)/2). Let b = o - -4. What is the highest common factor of 12 and b?
4
Let i(s) = s**3 - s**2 - s + 70. Let d be i(0). Let j = -8 - -2. Let k(r) = -19*r - 86. Let v be k(j). Calculate the greatest common divisor of d and v.
14
Let s(q) = -9*q - 9. Let n be s(-4). Let y be (n/6)/((-6)/(-184)). What is the greatest common divisor of 92 and y?
46
Suppose 7*i + 117 = 8*i - x, 0 = -i + 4*x + 117. Calculate the highest common divisor of 144 and i.
9
Suppose -41 = r - 95. What is the greatest common factor of 45 and r?
9
Let r(a) = a**2 + a - 2. Let g be r(-3). Suppose -k = -g*u - u + 77, 7 = u - 3*k. Suppose 5*z + 4*z = 72. What is the greatest common divisor of u and z?
8
Suppose -2 = -d + 1. Suppose -3*s - i - 2*i = -39, s - 15 = -d*i. Calculate the highest common factor of 12 and s.
12
Let h be (-38 - -2)/((-35)/70). Calculate the highest common divisor of 117 and h.
9
Suppose -5*y + 5*h + 175 = 0, 2*y + 1080*h = 1077*h + 55. Suppose m = -0*m + 4. What is the highest common divisor of m and y?
4
Suppose 0 = r + r - 2, 5*r + 112 = 3*w. Suppose -w - 82 = -l. Suppose 4*d - 29 = 15. Calculate the greatest common divisor of d and l.
11
Suppose -5*b - 22 = -6*b. Suppose 0 = -5*u + 2*w - 17, 3*w + 17 = -0*u - u. Let j = u + 7. Calculate the greatest common factor of j and b.
2
Let m = -1250 - -2113. Suppose 0 = 4*t + 4*i + 95 - m, 955 = 5*t + 4*i. Calculate the highest common factor of 17 and t.
17
Let i = 133 - 61. Let r = 127 + -119. What is the highest common divisor of r and i?
8
Let p = -25 - -43. Suppose 0 = -2*l + 9*l - 910. Let a = l + -58. Calculate the highest common divisor of a and p.
18
Let s be (-3038)/(-63) - 4/18. Suppose 7*p - s - 50 = 0. What is the greatest common factor of p and 35?
7
Suppose 86 = 12*l - 22. Let o be (7 - l)/((-1)/6). Let i(y) = -2*y. Let u be i(-2). Calculate the highest common divisor of u and o.
4
Let l(h) = -h**3 + 28*h**2 + 39*h + 4. Let w be l(29). What is the highest common factor of w and 42?
42
Suppose -3*d + 5*l + 139 = -155, -2*d = 3*l - 196. What is the highest common factor of 49 and d?
49
Let l = 70 + -2. Let b = l - 58. Calculate the highest common factor of 60 and b.
10
Suppose -27*q - 96 = -31*q. What is the highest common factor of q and 408?
24
Suppose 0 = -0*c + 3*c - 432. Calculate the highest common factor of c and 9.
9
Let k be 6/(-4) - 6/(-4). Suppose -m + 0*m + 15 = k. Suppose -5*b + 233 = -67. Calculate the highest common divisor of b and m.
15
Let v(z) = 2*z + 138. Let m be v(-38). What is the greatest common divisor of m and 589?
31
Suppose 3*x - x = -2, j + 3*x - 1022 = 0. Calculate the greatest common factor of 25 and j.
25
Let i be -1*(-8 + 0 + 1). Let o be -12*(56/(-12))/i. What is the greatest common divisor of 20 and o?
4
Let n(z) = -7*z**3 - 2*z**2 + 3*z + 2. Let k(o) = -8*o - 42. Let t be k(-5). Let r be n(t). Calculate the greatest common divisor of r and 4.
4
Suppose 200 - 584 = 2*t. Let l = t + 533. What is the highest common factor of l and 31?
31
Let t be 8/(-28) + 288/28. Suppose -t*s = 4*s - 196. Calculate the greatest common divisor of 70 and s.
14
Let i(n) = -n**2 - 18*n + 117. Let o be i(-21). What is the greatest common divisor of o and 24?
6
Let n be (-2 + (-3)/(-3))/(-1). Let a be -1 + 35 - (n - 2). Suppose -5 = -2*b + a. Calculate the greatest common factor of 220 and b.
20
Let r(z) = z**2 + 15*z + 61. Let w be r(-9). Suppose -3*c + 8*c - 35 = 0. What is the highest common factor of w and c?
7
Suppose 18*b = 23*b - 300. Let l(m) = -m**3 - 6*m**2 - 1. Let z be l(-7). Suppose u = -u + z. What is the greatest common factor of u and b?
12
Suppose -y + 50 = n, 103 = 3*y - 3*n - 77. Let j be (-22)/y + (-554)/(-10). What is the highest common divisor of j and 11?
11
Suppose 5*f - q = 49, 4*f = -0*q - q + 32. Suppose 0 = 2*a - 5*a + f. What is the greatest common factor of 12 and a?
3
Suppose 86*d = 83*d - 69. Let w = d - -158. Calculate the highest common divisor of w and 27.
27
Let x = -15 + 17. Let c be (x - 1)/((-1)/160). Let k be (0 + 2 - c) + 3. What is the highest common divisor of k and 15?
15
Let p be -3 + 0 + 1 + 6. Suppose -4*d + 200 + 340 = 0. Suppose 0 = -4*r + 9*k - 4*k + 117, d = 5*r + 5*k. Calculate the greatest comm